, 1543
Let p(q) be the third derivative of q**4/24 - 3*q**3/2 - q**2. Suppose -24 = -17*j + 163. List the prime factors of p(j).
2
Suppose 4*n + b = 253888, -39993 - 23497 = -n + 2*b. List the prime factors of n.
2, 3, 71, 149
Let v be (-8)/(-10) + (-188692)/(-35) + -1. Let b = -3730 + v. List the prime factors of b.
11, 151
Let t = -276 - -276. Suppose 2*l - 1799 = -6*q + 3*q, 5*l + 25 = t. List the prime factors of q.
3, 67
Suppose -3*w + 368 = -7*w. Let i = w - -98. List the prime factors of 4/i - (-2123)/33.
5, 13
Let d(k) = 6*k**2 + 49*k - 38. What are the prime factors of d(-70)?
2, 3, 2161
Suppose 2*r - 116914 = -2*l, 3*r - 58473 = 605*l - 606*l. List the prime factors of l.
3, 19483
Let j(k) = -87*k**3 - 3*k - 1. Let d = -2 - -8. Suppose -10 = 4*l - d. List the prime factors of j(l).
89
Suppose 0 = -d + 6*a - 3*a - 469, 1 = a. Let f be (d/(-3))/(6/18 - 0). Let p = f + -313. List the prime factors of p.
3, 17
Suppose 0 = 13*d - 56*d - 8*d. Suppose d = o + 2*a - 295, 4*o - 5*a + 118 = 1324. What are the prime factors of o?
13, 23
Let u(l) = 5*l**2 - 2*l - 3. Let o be u(-1). Let h(i) = -i**2 + 7*i - 9. Let p be h(o). Suppose 120 = p*n + 3*n. List the prime factors of n.
2, 5
Let f = -76 + 118. Suppose 4320 = f*s - 34*s. List the prime factors of s.
2, 3, 5
Let i = -44 + 1121. What are the prime factors of i?
3, 359
Let v = -4674 + 7789. List the prime factors of v.
5, 7, 89
Let m = 9385 + 16677. List the prime factors of m.
2, 83, 157
Let x(m) = -m**3 - 4*m**2 - m + 6. Let j be x(-3). Suppose 11*z - 16*z - 5*r + 2515 = j, 1009 = 2*z + 3*r. What are the prime factors of z?
2, 5
Let x = 192 - 144. Suppose -4*p - x + 608 = 0. List the prime factors of (36/42)/(2/p).
2, 3, 5
Suppose -5*m + 9 = d, -2*d - 2*m + 6 + 4 = 0. Suppose -d*t + 2*l + 0*l + 1206 = 0, 4*t - l - 1211 = 0. List the prime factors of t.
2, 19
Suppose -4*p + 269 = 2*v + 95, -4*v + 345 = 5*p. Let o = v + 274. What are the prime factors of o?
359
What are the prime factors of 408/((-2)/(-18) + 4/(-144))?
2, 3, 17
Let o(z) = -z**3 + 12*z**2 + 14*z - 13. Let t be o(13). Let b be (-3 + t)/(((-8)/(-4))/(-2)). Suppose u = -b*u + 164. List the prime factors of u.
41
Suppose -5*c - 15 = 5*q, -2*c + 1 = q + 4. Let p be c - (-38)/9 - 6/27. Suppose 5*w = 5*t - 5, 3*w = 2*t - 2 + p. List the prime factors of w.
2
Let j(p) = -28*p**3 - 5*p**2 - 15*p - 55. What are the prime factors of j(-3)?
701
Let m(g) be the first derivative of 2*g**4 + g**3/3 - 2*g**2 + 3*g - 20. Let w be 5 + (-20)/4 - (2 + -3). List the prime factors of m(w).
2
Suppose 2*u - 5*c - 25 = -4*c, 2*u - 3*c = 15. Suppose 2*v - 756 = o, -u*o + 11*o = 3*v - 1156. List the prime factors of v.
2, 5, 19
Let w be -1*8/(-2)*470. Suppose -5*n - w = 3*n. What are the prime factors of (-12)/15*n/2?
2, 47
Suppose 0 = 2*s - 2*y + 528, 5*s = 6*y - 2*y - 1325. Let v = s + 272. List the prime factors of v.
3
Let w(h) = 2*h**2 - 16*h + 2. Let t be w(14). Let z = -78 + t. List the prime factors of z.
2, 23
Suppose 11*l + 0*l = -869. Let b = 97 + 149. Let q = l + b. List the prime factors of q.
167
Let p(l) = -l**3 - 14*l**2 + 22*l + 15. Let o be p(-15). Suppose 0 = -323*z + 328*z - 150. Let i = z - o. List the prime factors of i.
2, 3, 5
Suppose 66*o - 7346110 = -247*o. What are the prime factors of o?
2, 5, 2347
Let s = -169 - -156. List the prime factors of 740 - (s/((-65)/(-10)) + -3).
5, 149
Let x be 213*((-42)/9 - -4). Let g = x + 166. What are the prime factors of g?
2, 3
Suppose -1 - 9 = -s. Suppose -s = -7*h + 5*h. Suppose h*q + 10 = 0, -5*a - 3*q = -q - 151. List the prime factors of a.
31
Let o(j) = -38*j + 159. Let r be o(4). Suppose 2810 = 3*a + 9*b - r*b, -2*a = 4*b - 1868. List the prime factors of a.
2, 7, 67
Let i = 844 - 830. Suppose 3485 = 5*z + 3*x, -i*z + 12*z + 2*x + 1410 = 0. List the prime factors of z.
2, 5, 7
Suppose 73472 = 25*x - 7503. List the prime factors of x.
41, 79
Let g(u) = -5*u. Let o be g(-1). Suppose o*z = -7761 + 976. What are the prime factors of (-7 - (-1 + 1))*z/59?
7, 23
Let k(x) = -3*x + 32. Let p = -12 + -18. Let b = p + 30. List the prime factors of k(b).
2
Suppose -431*j + 120 = -411*j. Let u(f) = -9*f + 4. Let n be u(-5). Suppose 965 = j*m - n. What are the prime factors of m?
13
Let d(o) = 72*o**2 + 12*o + 4. Let n be d(4). Let l = -403 + n. What are the prime factors of l?
3, 89
Suppose 166*b - 3608589 = 3555473. What are the prime factors of b?
103, 419
What are the prime factors of (-9 - 228/16)*-228?
3, 19, 31
Suppose 4*b - 192 = 2*b. Let t = 199 - b. What are the prime factors of t?
103
Let l(w) = 72*w**2 - 112*w + 109. List the prime factors of l(13).
3, 3607
Let g = 84 + -78. Suppose g*c = -65 + 281. List the prime factors of c.
2, 3
Let j = 41605 - 21549. List the prime factors of j.
2, 23, 109
Suppose -2*d - 3*i = -27240, 530 - 538 = -i. What are the prime factors of d?
2, 3, 7
Let c = 4486 - 2859. List the prime factors of c.
1627
Let c = 2218 - -20384. What are the prime factors of c?
2, 3, 3767
Let w be ((-2)/3)/((-8)/288). Suppose w - 6 = 2*p. Suppose -150 = -p*s + 6*s. List the prime factors of s.
2, 5
Let m(q) = -7*q**2 - q - 6. Let c be m(-3). Let r be 37411/(-121) - (-4)/c*-3. Let o = -173 - r. What are the prime factors of o?
2, 17
Let d be ((-13369)/58)/((-1)/(-2)). Let k = -5 - d. List the prime factors of k.
2, 3, 19
Suppose 0 = -2*p + 2*c + 79448, 23*p - 4*c = 18*p + 198626. List the prime factors of p.
2, 5, 29, 137
Let a(w) = -10*w - 58. Let s be a(-6). Suppose -2*h - 2*k + 960 = 0, 1805 = 3*h + s*k + 369. What are the prime factors of h?
2, 7, 17
Suppose 3*p - 660*f - 37994 = -656*f, -2*f + 14 = 0. What are the prime factors of p?
2, 6337
Let o(a) = 9*a**2 + 15*a - 680. List the prime factors of o(24).
2, 19
Let v(j) be the first derivative of j**3/3 - 21*j**2/2 + 10*j - 37. Let n = -26 + 47. List the prime factors of v(n).
2, 5
Suppose 0 = -w + 24 + 190. Let c = w + -144. Let d = c + -27. What are the prime factors of d?
43
Suppose -4737 = -2*u - 3*t, 3*t + 11853 = -u + 6*u. Suppose 5*r = -3*n + 1921 - 477, -r = 5*n - u. List the prime factors of n.
11, 43
Let h = -5 + 5. Suppose -5*f + 12 - 502 = h. Let z = 145 + f. What are the prime factors of z?
47
Suppose -14*r + 51*r = 450549. What are the prime factors of r?
3, 11, 41
Let n(y) be the third derivative of y**6/120 + 4*y**5/15 - y**4 - 11*y**3/6 - 80*y**2. List the prime factors of n(-16).
373
Let z = 154711 + -103350. List the prime factors of z.
51361
Suppose 4*r + 129*r - 542575 = 903002. List the prime factors of r.
3, 3623
What are the prime factors of 11805 + (-275)/25 + -12?
2, 43, 137
Suppose g - 1028 = -1031. Let r(n) = -114*n - 9. What are the prime factors of r(g)?
3, 37
Suppose -120*i + 1003864 - 210904 = 0. What are the prime factors of i?
2, 7, 59
What are the prime factors of -8 - 458632/(-84) - ((-124)/(-21) + -6)?
2, 29, 47
Let d = -5026 + 8431. Let h = 281 - 314. What are the prime factors of 6/h + d/33?
103
Let t = 556 - 552. List the prime factors of (1 - t) + (-69 - -1407).
3, 5, 89
Let m = 925 - 921. Suppose m*h + 4 = 0, 3*z - 4*h + 946 = 2795. List the prime factors of z.
3, 5, 41
Suppose 524*j = 470*j + 1553148. List the prime factors of j.
2, 73, 197
Suppose -2*z + 516936 = 49*z. Suppose s + z = 29*s. List the prime factors of s.
2, 181
Let b = -113 + 203. Suppose 0 = -9*k - k + b. Suppose -4*f - 161 = -n, -4*f - k = 11. What are the prime factors of n?
3, 47
Suppose -96131 - 1798 = -9*p. List the prime factors of p.
3, 13, 31
Let s be (-44)/33*18/(-8). Suppose 0 = -v - 0*v - n + 440, -s*n = -3*v + 1326. List the prime factors of v.
3, 7
Let l = -7100 - -22693. What are the prime factors of l?
31, 503
List the prime factors of ((-288480)/(-20) - 10) + -5 + (-2 - -3).
2, 5, 11, 131
Let y be ((2 + 0)/(-2))/(9/711). Let c = -3 - 5. Let m = c - y. List the prime factors of m.
71
Let i(j) = -j - 1. Let r(b) = 615*b**2 - 17*b - 17. Let g(u) = 5*i(u) + r(u). What are the prime factors of g(-1)?
3, 5, 41
Let b = 29 + -29. Let l(a) = 3*a + 15 + b + 38. What are the prime factors of l(12)?
89
Suppose -5*o = 4*v - 10, 3*o + 0*v + 4*v = 6. List the prime factors of 397 - (30/25)/(o/(-5)).
2, 5
Suppose -10643 + 3755 = -8*u. Let f = -599 + u. What are the prime factors of f?
2, 131
Suppose 0 = -5*